1
What is -3 (base 12) in base 13?
-3
-15f (base 16) to base 7
-1011
What is 1 (base 15) in base 14?
1
What is -28 (base 16) in base 6?
-104
What is 19 (base 10) in base 12?
17
Convert -11c (base 16) to base 10.
-284
What is -19 (base 11) in base 13?
-17
What is -11121 (base 3) in base 10?
-124
Convert 91 (base 15) to base 11.
114
-2003 (base 5) to base 15
-11d
What is 3b (base 13) in base 4?
302
Convert 4 (base 13) to base 10.
4
What is 1 (base 7) in base 15?
1
What is 86 (base 12) in base 9?
123
Convert 160 (base 9) to base 16.
87
What is 11 (base 6) in base 3?
21
-12c (base 16) to base 14
-176
What is 112 (base 3) in base 13?
11
What is 3 (base 15) in base 5?
3
What is 100110110 (base 2) in base 15?
15a
What is 22212 (base 3) in base 10?
239
What is 10111100 (base 2) in base 3?
20222
What is 120 (base 16) in base 14?
168
Convert -111001 (base 2) to base 6.
-133
3 (base 11) to base 9
3
What is -47 (base 11) in base 10?
-51
-4 (base 9) to base 4
-10
-163 (base 13) to base 2
-11111010
What is 8 (base 15) in base 14?
8
Convert -2 (base 6) to base 8.
-2
-61 (base 7) to base 11
-3a
-31 (base 16) to base 6
-121
Convert 1 (base 8) to base 4.
1
Convert -10002 (base 3) to base 14.
-5d
1a (base 14) to base 9
26
Convert 5 (base 12) to base 11.
5
Convert 6c (base 13) to base 6.
230
What is -32 (base 14) in base 13?
-35
What is -20 (base 14) in base 3?
-1001
What is -2b (base 14) in base 3?
-1110
Convert -10 (base 10) to base 11.
-a
What is 1 (base 13) in base 9?
1
Convert 15 (base 16) to base 11.
1a
5 (base 8) to base 13
5
What is 2 (base 4) in base 15?
2
What is -20 (base 6) in base 15?
-c
Convert 9 (base 14) to base 12.
9
Convert a (base 16) to base 3.
101
Convert 46 (base 7) to base 3.
1021
30 (base 4) to base 5
22
Convert -51 (base 9) to base 2.
-101110
What is 34 (base 5) in base 16?
13
What is -100 (base 2) in base 14?
-4
-29 (base 14) to base 5
-122
-12 (base 3) to base 8
-5
Convert 12 (base 3) to base 7.
5
55 (base 9) to base 5
200
Convert -293 (base 11) to base 14.
-1a8
34 (base 14) to base 15
31
Convert -24 (base 10) to base 2.
-11000
Convert -1 (base 10) to base 15.
-1
-27 (base 8) to base 7
-32
-5 (base 14) to base 6
-5
What is -26 (base 7) in base 12?
-18
What is -11 (base 2) in base 13?
-3
-6 (base 14) to base 7
-6
Convert -41 (base 5) to base 2.
-10101
What is 1 (base 11) in base 9?
1
-42 (base 8) to base 3
-1021
Convert 3 (base 16) to base 12.
3
Convert -2 (base 16) to base 15.
-2
Convert 157 (base 11) to base 15.
c3
What is -5 (base 9) in base 8?
-5
Convert -17 (base 15) to base 7.
-31
-2020 (base 3) to base 8
-74
What is 11100101 (base 2) in base 16?
e5
Convert 0 (base 16) to base 2.
0
Convert -260 (base 10) to base 4.
-10010
3 (base 4) to base 14
3
2233 (base 4) to base 15
ba
-96 (base 12) to base 7
-222
What is -2122 (base 3) in base 14?
-51
Convert -b (base 16) to base 15.
-b
What is 145 (base 7) in base 12?
6a
What is 2 (base 4) in base 7?
2
Convert -28 (base 16) to base 7.
-55
Convert -2 (base 13) to base 14.
-2
What is -25 (base 8) in base 4?
-111
0 (base 10) to base 16
0
-1 (base 11) to base 16
-1
Convert -5c (base 14) to base 6.
-214
-22 (base 16) to base 7
-46
Convert -53 (base 15) to base 2.
-1001110
Convert e (base 15) to base 10.
14
1 (base 14) to base 12
1
Convert -10 (base 3) to base 10.
-3
2 (base 14) to base 5
2
What is 0 (base 7) in base 13?
0
1 (base 3) to base 12
1
What is -4 (base 5) in base 16?
-4
-2 (base 10) to base 11
-2
Convert 305 (base 6) to base 8.
161
What is 7 (base 14) in base 12?
7
What is 101 (base 4) in base 9?
18
Convert 101 (base 2) to base 11.
5
Convert -7 (base 15) to base 9.
-7
-14 (base 6) to base 14
-a
287 (base 10) to base 12
1bb
Convert 35 (base 13) to base 2.
101100
Convert 2 (base 9) to base 10.
2
-20 (base 3) to base 11
-6
Convert -3 (base 4) to base 15.
-3
What is -250 (base 7) in base 5?
-1013
Convert -5 (base 6) to base 7.
-5
1 (base 5) to base 9
1
-4 (base 9) to base 12
-4
50 (base 14) to base 6
154
Convert 0 (base 5) to base 9.
0
What is 14b (base 12) in base 9?
245
-7b (base 14) to base 9
-131
-2221 (base 4) to base 7
-331
Convert -57 (base 11) to base 8.
-76
Convert 11 (base 2) to base 12.
3
Convert -33 (base 4) to base 6.
-23
Convert 2 (base 12) to base 3.
2
Convert 2 (base 9) to base 5.
2
What is -2 (base 8) in base 12?
-2
Convert -101 (base 2) to base 12.
-5
3133 (base 4) to base 3
22021
-14 (base 10) to base 5
-24
Convert -10 (base 7) to base 5.
-12
Convert 33 (base 8) to base 13.
21
What is 4 (base 12) in base 7?
4
What is 16 (base 13) in base 2?
10011
What is -31 (base 9) in base 15?
-1d
-10 (base 8) to base 3
-22
10100 (base 2) to base 12
18
What is 310 (base 4) in base 11?
48
Convert 12 (base 5) to base 3.
21
21 (base 8) to base 6
25
What is -17 (base 10) in base 8?
-21
What is 1110101 (base 2) in base 5?
432
15 (base 13) to base 8
22
21 (base 8) to base 15
12
Convert 140 (base 6) to base 8.
74
Convert 33 (base 5) to base 8.
22
What is 40 (base 5) in base 6?
32
Convert 7 (base 9) to base 6.
11
Convert -122 (base 4) to base 12.
-22
Convert -2 (base 16) to base 2.
-10
Convert 1b (base 15) to base 3.
222
14 (base 5) to base 12
9
Convert 6 (base 16) to base 14.
6
-1123 (base 4) to base 10
-91
Convert 11 (base 3) to base 14.
4
What is -4 (base 5) in base 7?
-4
Convert -4 (base 7) to base 12.
-4
Convert -a (base 13) to base 15.
-a
What is -1c (base 16) in base 9?
-31
What is 14 (base 9) in base 5?
23
What is 7 (base 8) in base 2?
111
66 (base 7) to base 14
36
What is 45 (base 6) in base 7?
41
What is -110 (base 4) in base 6?
-32
-5a (base 11) to base 2
-1000001
-3 (base 16) to base 5
-3
-13 (base 5) to base 7
-11
What is 9 (base 15) in base 6?
13
What is -b (base 16) in base 5?
-21
1 (base 11) to base 3
1
What is 14 (base 5) in base 6?
13
What is -67 (base 11) in base 12?
-61
Convert -1 (base 6) to base 3.
-1
What is 10 (base 16) in base 8?
20
de (base 15) to base 6
545
Convert -4 (base 7) to base 10.
-4
Convert -21 (base 4) to base 2.
-1001
-31 (base 12) to base 13
-2b
What is 35 (base 9) in base 4?
200
Convert 1110 (base 2) to base 4.
32
Convert 372 (base 10) to base 11.
309
-22 (base 8) to base 10
-18
Convert 3 (base 8) to base 15.
3
What is 22 (base 12) in base 5?
101
What is -11 (base 16) in base 14?
-13
Convert -9 (base 13) to base 15.
-9
What is -1 (base 14) in base 10?
-1
1 (base 14) to base 3
1
Convert -11 (base 11) to base 14.
-c
Convert 30 (base 6) to base 13.
15
0 (base 6) to base 5
0
Convert -1 (base 13) to base 5.
-1
What is 2 (base 14) in base 2?
10
102211 (base 3) to base 4
10333
Convert -1033 (base 5) to base 13.
-b0
What is -1 (base 9) in base 4?
-1
-121 (base 6) to base 13
-3a
26 (base 8) to base 13
19
Convert -3 (base 16) to base 3.
-10
8 (base 10) to base 8
10
What is -32 (base 4) in base 14?
-10
Convert -4 (base 15) to base 10.
-4
3 (base 6) to base 7
3
What is -2 (base 10) in base 15?
-2
11 (base 6) to base 9
7
-50 (base 7) to base 2
-100011
What is 1011 (base 2) in base 9?
12
What is -31 (base 5) in base 3?
-121
12 (base 5) to base 3
21
Convert -2011 (base 3) to base 7.
-112
Convert -10 (base 2) to base 9.
-2
Convert 1a (base 14) to base 11.
22
Convert 0 (base 16) to base 14.
0
-25 (base 14) to base 15
-23
Convert -134 (base 14) to base 2.
-11110010
3 (base 14) to base 12
3
Convert -112 (base 3) to base 11.
-13
Convert 204 (base 5) to base 11.
4a
Convert 6 (base 7) to base 11.
6
Convert -117 (base 10) to base 3.
-11100
What is 134 (base 7) in base 14?
54
Convert -2 (base 16) to base 7.
-2
Convert 250 (base 6) to base 9.
123
What is 24 (base 7) in base 6?
30
Convert -323 (base 4) to base 7.
-113
Convert 11 (base 3) to base 13.
4
What is 102 (base 5) in base 15?
1c
Convert -5c (base 14) to base 3.
-10001
Convert 6 (base 9) to base 15.
6
What is -6 (base 13) in base 9?
-6
What is 125 (base 6) in base 11?
49
What is 65 (base 12) in base 7?
140
Convert 10110010 (base 2) to base 6.
454
0 (base 9) to base 4
0
Convert 2 (base 4) to base 15.
2
12 (base 4) to base 14
6
What is 1131 (base 5) in base 10?
166
What is -6 (base 14) in base 5?
-11
What is -8 (base 13) in base 6?
-12
What is -3 (base 7) in base 11?
-3
What is 6 (base 9) in base 11?
6
What is 402 (base 7) in base 12?
146
What is 103 (base 4) in base 3?
201
What is 111 (base 5) in base 4?
133
Convert 3 (b